e i(-8). Calculate the highest common divisor of 18 and z.
18
Let b = -7 + 2. Let d = b + 11. What is the highest common divisor of d and 24?
6
Suppose -f + 2*s = 4*f - 798, 324 = 2*f + 4*s. Calculate the highest common factor of 20 and f.
20
Let z(t) = t**3 + 13*t**2 + 9*t. Let d be z(-12). Calculate the highest common factor of d and 9.
9
Let p = -114 + 119. Calculate the greatest common divisor of 5 and p.
5
Let w be (-42)/(-2)*(-8)/(-4)*1. What is the greatest common factor of w and 70?
14
Let g be (4 + -2)/(4/278). Suppose -187 = 5*p - 4*u, 2*u - 5 = -4*p - g. Let l be (-61)/(-7) - 10/p. What is the greatest common factor of 45 and l?
9
Let g be 0 + (-2 - (-3 - 98)). Calculate the greatest common factor of g and 11.
11
Let i be ((-18)/21)/(3/(-294)). What is the greatest common factor of i and 12?
12
Suppose -5*d = -4*y - 313 + 113, -5*y + 47 = 2*d. Let f(h) = h**3 - 3*h**2 - 8*h - 4. Let s be f(5). Calculate the greatest common factor of s and d.
6
Let l = -54 - -66. Calculate the greatest common factor of l and 9.
3
Let c = 94 - 87. Calculate the highest common divisor of 35 and c.
7
Suppose -120 = -y - y. Suppose o = 3 - 1. Let t(l) = 3*l**2 + l + 1. Let a be t(o). Calculate the highest common divisor of y and a.
15
Let t(g) = 19*g + 21. Let f be t(6). Calculate the highest common factor of 90 and f.
45
Suppose -4*m - 3*b + b = -22, 3*m - 9 = -3*b. What is the greatest common factor of 2 and m?
2
Let d(g) = -21*g - 5. Let v be d(-1). Calculate the highest common factor of v and 128.
16
Let m = 399 + -227. Suppose -4*g - m = -3*c + 24, -c = -3*g - 57. Calculate the greatest common divisor of 8 and c.
8
Suppose 2*b = b + 6. Let m = b - 2. Suppose -3*x + x - 36 = -2*w, m*w - 62 = -x. Calculate the highest common factor of w and 4.
4
Suppose -22*h + 81 = -21*h. What is the greatest common divisor of 9 and h?
9
Let d = 42 - -8. Suppose -14 = 2*s - d. Calculate the greatest common factor of s and 36.
18
Suppose -3*y + 4*v = 2*v - 78, -v + 117 = 5*y. Suppose 3*x - y = -x. What is the highest common divisor of x and 6?
6
Let d be (-2)/(4/(-138)) - (7 - 6). What is the greatest common divisor of 17 and d?
17
Suppose 0*z - 460 = -4*z. Suppose -4*p = -a - 68 - 89, 3*p = -2*a + z. Calculate the greatest common factor of 13 and p.
13
Suppose 0 = -2*g + g + 4*v - 3, -3*g - 5*v = -25. What is the highest common factor of g and 95?
5
Suppose -154 + 22 = -12*r. Let h(m) = 2*m**2 + 8*m + 9. Let f be h(-6). Calculate the greatest common factor of r and f.
11
Suppose -t + 2 + 3 = 0. Suppose -16 = -t*h + h. Suppose 4*g + 12 + 2 = -2*u, -2*g = 2*u + 6. What is the greatest common factor of h and u?
1
Let u(z) = -6*z**2 - z + 4. Let t be u(5). Suppose -107 - 166 = 3*h. Let c = h - t. What is the greatest common divisor of c and 10?
10
Let i be ((-210)/(-6) - -3) + 2/(-1). What is the greatest common divisor of 12 and i?
12
Let s be 4 - (-2 + 4 - 1). Calculate the highest common factor of s and 3.
3
Let p be -3*((-21)/3 + 3). Calculate the greatest common divisor of 42 and p.
6
Let q be (-970)/(-3) + 6/9 + -2. What is the greatest common factor of q and 46?
46
Let g be (2/(-3))/((-2)/6). Suppose 4 = -0*h + g*h. Suppose -h*q + 7 + 31 = 0. Calculate the highest common divisor of 19 and q.
19
Suppose -2*a = -6*a + 288. Calculate the greatest common divisor of a and 24.
24
Let g be 2/4*(3 - -1). What is the greatest common factor of 6 and g?
2
Suppose 0 = p + 2*o - 30, -3*p - 3*o = -6*o - 99. What is the greatest common factor of 4 and p?
4
Let l(r) = 22*r - 10. Let q be l(9). Let y = -100 + q. What is the highest common divisor of 8 and y?
8
Let w be ((-28)/16)/(2/(-24)). Calculate the greatest common factor of w and 7.
7
Let z(o) = -2*o + 1. Let l = -3 + 1. Let v be z(l). Suppose -238 - 243 = -v*f - u, -f + 95 = -u. What is the greatest common factor of f and 12?
12
Let p(y) = -y**2 + 4*y - 3. Let c be p(2). Let i = -2 + -2. Let v be (-39)/i - c/(-4). Calculate the greatest common divisor of 80 and v.
10
Let u(l) = l + 2. Let x be u(4). Suppose d + 4 = -3*c, 4*c - 4*d - 10 = x. Let i be (24 - 2) + c/2. What is the highest common factor of i and 33?
11
Let v be 2*(2 + -3) + 10. Suppose -4*b = -v, -8 + 43 = 5*m - 5*b. Suppose -2*i = i - m. Calculate the highest common factor of 12 and i.
3
Let u = 126 - 27. Calculate the highest common divisor of u and 11.
11
Suppose -3*o + 7 = -5. Let l(y) = -12*y**2 + 127*y**2 - y - o*y**2. Let d be l(-1). Calculate the greatest common factor of d and 14.
14
Suppose -2*x - 2*g + 64 = -6*g, 3*g - 128 = -4*x. What is the highest common divisor of x and 128?
32
Let f(r) = -3*r**3 + r**2 + 9*r + 7. Let a be f(-2). Suppose -104 = -3*w + 2*o, 0 = o + 2*o + 3. What is the greatest common factor of w and a?
17
Let a(r) = r**2 - 2*r - 1. Let u be 1 + (2 - (-4 - -2)). Let k be a(u). Calculate the greatest common divisor of 98 and k.
14
Let n(k) be the third derivative of k**5/60 - 5*k**4/24 - 4*k**3/3 - 5*k**2. Let q be n(7). Let h = -43 - -85. What is the highest common divisor of h and q?
6
Let a be 4/6 + 3/9. Let i = -12 - -13. Calculate the greatest common divisor of a and i.
1
Let j(l) = 3*l**2 + l - 1. Let y be j(2). Suppose -z - 2*z = 12. Let v be (-6)/z - (-205)/2. What is the highest common factor of y and v?
13
Let z(b) = -b**3 - 5*b**2 - 7*b - 5. Let q be z(-5). Let h be -6*(-3 + 4/4). What is the highest common factor of h and q?
6
Suppose 3*z - 18 = 2*x - 5*x, -3*x + 4 = -4*z. Suppose -x*u + 3*u = -30. Let a = 43 - -32. Calculate the greatest common divisor of a and u.
15
Let a be (4*(-1)/6)/(2/(-3)). What is the greatest common divisor of 2 and a?
1
Suppose c - 129 = 5*x, 72 = -c - x + 195. Suppose 28 = -2*d + c. Calculate the greatest common divisor of d and 12.
12
Let q be (-5)/((-10)/4 + 2). Suppose 120 = -b + 4*b. Calculate the highest common factor of b and q.
10
Let i = 20 - 54. Let r = -20 - i. Calculate the highest common divisor of 70 and r.
14
Let p = 2 + -1. Let r(i) = 2*i**2 - 6*i + 9 - 5*i**2 + 2*i**2. Let x be r(-7). What is the greatest common factor of p and x?
1
Let d(y) = y**2 + 5*y + 8. Let v be d(-7). What is the greatest common divisor of v and 44?
22
Let l be (-3)/4 - (-585)/12. Calculate the greatest common factor of l and 32.
16
Let t(n) = n**2 - 5*n. Let r be t(4). Let d(m) = m**3 + 9*m**2 + 4*m - 1. Let o be d(r). Calculate the greatest common factor of o and 7.
7
Suppose 0 = 2*u - 6 - 2. Let w be (-1672)/(-28) - u/(-14). What is the greatest common factor of w and 24?
12
Let l = -15 + 28. Calculate the highest common divisor of 26 and l.
13
Suppose -2*q = 3*q - 5. Let b(n) = 15*n + 1. Let a be b(q). What is the highest common divisor of a and 48?
16
Suppose -u + 10 + 5 = 0. Let a(q) be the second derivative of 5*q**4/2 + 5*q. Let o be a(2). What is the greatest common divisor of u and o?
15
Suppose -2*g = -4*g + 2. What is the greatest common divisor of 5 and g?
1
Let p(i) = -116*i. Let h(v) = 115*v. Let o(g) = 5*h(g) + 6*p(g). Let k be o(-2). Calculate the greatest common divisor of 22 and k.
22
Let y = 1 + 12. What is the highest common divisor of 52 and y?
13
Let t = 10 + -8. Suppose -3*j - 7 = -2*j - 2*a, -2*a = j - 9. Calculate the highest common factor of t and j.
1
Let z(d) = -d**2 + 23*d - 12. Let r be z(14). What is the greatest common divisor of r and 6?
6
Suppose 2*i + l = 31, -6*i - 3*l + 37 = -4*i. What is the greatest common divisor of 28 and i?
14
Suppose -2*m = -2*n + 26, -2*n + 4*m = 3*m - 26. Calculate the highest common divisor of 52 and n.
13
Let s(c) = 2*c - 6. Let b be s(5). Let j = 14 + b. Calculate the highest common divisor of 9 and j.
9
Let k = 126 + -108. Let f = 8 - 3. Suppose 0 = f*n - 2*n - 270. Calculate the highest common divisor of k and n.
18
Let v = 172 + -104. Suppose 4 + v = 4*b. What is the greatest common factor of b and 45?
9
Let y be -46 - (-2)/3*3. Let n = -29 - y. Calculate the highest common divisor of 6 and n.
3
Let d be -16*7*1/(-2). Let f = -10 - -8. Let s be (12 - (0 - f)) + -2. What is the greatest common divisor of s and d?
8
Let r = -28 - -63. What is the highest common divisor of 5 and r?
5
Suppose 2*d = -d + 84. Let i(z) = 3*z**2 + 3*z - 4. Let o be i(-5). Suppose 0 = 4*h - 0*h - o. Calculate the greatest common factor of h and d.
14
Let v 